t of g - 1 - (-6)/3?
2
Let b(o) = -2*o**2 - 3*o + 1. Let i be b(-3). Let w(r) = r**3 + 9*r**2 + 19*r + 6. Let l be w(-6). What is the units digit of l/i + 5*1?
5
Let p = -3 - 1. Let b = p - -6. Suppose b = -3*c + 83. What is the units digit of c?
7
Let x(y) = -y**3 + 3*y**2 + 3*y + 2. Let f be x(4). Let p be 2 - f/(6/(-15)). Let a = p - -16. What is the units digit of a?
3
Let p = 12 + -8. Suppose -294 = -p*h + 114. What is the tens digit of h?
0
Suppose -3*y + 2*p + 262 = 4*p, -5*y = -2*p - 442. Suppose l + y = 5*l. Let i = l + -14. What is the units digit of i?
8
Suppose 17 = -5*j + 42. Suppose p + 2 = -3*p + 2*l, -l + 9 = 2*p. Suppose j*d = 6*d - p. What is the units digit of d?
2
Suppose 2*a - 2*w - 1348 = 0, 2*w - 3 = 5*w. What is the hundreds digit of a?
6
Let b = -714 - -1373. What is the hundreds digit of b?
6
Suppose 6*g - g + 15 = 0. Let q(k) = 12*k + 515. Let z be q(-43). What is the tens digit of 32 + 3/g*z?
3
What is the units digit of 4072/(-20)*15/(-6)?
9
Let q = 16 + -8. Let o = -12 + q. Let c(k) = k**3 + 5*k**2 + k - 2. What is the units digit of c(o)?
0
Suppose -4192 = -8*c + 1424. What is the units digit of c?
2
Let j = 63 + 10. Suppose 128 = t - j. What is the hundreds digit of t?
2
Let a(j) = -19*j - 20. Let g(h) = -9*h - 10. Let b(o) = -4*a(o) + 10*g(o). What is the units digit of b(-5)?
0
Let d = -15 + 15. Suppose -4*v + 2 = -5*b - 60, 3*v + 4*b - 62 = d. What is the units digit of v?
8
Let h = 87 - 6. What is the units digit of h?
1
Let n = 64 + -61. Suppose -a = -n*a + 394. What is the hundreds digit of a?
1
Let y(r) be the first derivative of -r**3/2 + r**2 - r - 3. Let u(t) be the first derivative of y(t). What is the tens digit of u(-7)?
2
Let h = 263 - 134. What is the units digit of h?
9
Let o(w) = w**2 + w - 3. Let d(i) = -5*i + 22. Let z(x) = 14*x - 65. Let y(f) = 17*d(f) + 6*z(f). Let c be y(-9). What is the tens digit of o(c)?
3
Let g = -65 + 210. Let k(l) = -33*l - 3. Let y be k(3). Let w = g + y. What is the tens digit of w?
4
Let w(q) = -q - 4. Let t be w(-4). Suppose 20 = 5*b - 2*j, -4*b + 0*b + 4*j + 28 = t. Suppose k - b*k + 5 = 0. What is the units digit of k?
5
Suppose t + 0*t - 10 = -2*j, -5*t - 2 = -3*j. Suppose 0 = -2*g + 2*w + 62, 0*g + j*w + 158 = 5*g. What is the units digit of g?
4
Suppose 273 = -2*k + 3*k + 4*n, 2*k = -3*n + 536. What is the hundreds digit of k?
2
Let b(f) be the second derivative of -2*f**5/5 - f**4/12 - 8*f. Let i be b(-1). Suppose 7 + i = d. What is the tens digit of d?
1
Let j(i) = 2*i**2 - 3*i - 23. Suppose 16*x - 14*x = -14. What is the tens digit of j(x)?
9
Suppose 0*f - 4*f - 4*b = -100, -5*b + 41 = f. Let c = -19 + f. Suppose 0 = w - c*w + 1. What is the units digit of w?
1
Let w(o) = o**3 + 2*o**2 - o + 205. What is the tens digit of w(0)?
0
Let r be (-1)/(3 + (-20)/6). Suppose -3*t = 4*s - 65, -2*t + 29 = s + r*t. Let o = s + -9. What is the units digit of o?
5
Let c be 2 - 2 - (-49)/(-7). What is the hundreds digit of (-1010)/c + (-20)/(-28) + -1?
1
Suppose -21*g = -65*g + 25916. What is the units digit of g?
9
Suppose -u - 8 = -2*x, -u + 22 = 3*x - 5*u. Suppose -w - 5*s - 15 = 0, 2*w = -x*w + s + 3. Suppose -4*g + 3*g + 6 = -3*v, w = 5*v. What is the units digit of g?
6
Suppose 4*u - 236 = -0*u. Suppose 0 = -n - u - 50. Let r = -78 - n. What is the units digit of r?
1
Let q = 4836 + -1542. What is the units digit of q?
4
Let q be 0/(-2) + (5 - 7) + 9. Let l(s) = -s**2 + 9*s - 8. What is the units digit of l(q)?
6
Suppose 0 = -3*r - 7 + 25. Let w(l) = 33*l - 19. What is the hundreds digit of w(r)?
1
Suppose 171 = 9*f - 6777. What is the tens digit of f?
7
Let k = -90 + 184. Suppose -o = 3*p - 65, -3*o = p - 61 - k. What is the units digit of o?
0
Let c = 5 + -2. Suppose c*x + 4*a = 34, -4*a - 86 = -5*x - 8. What is the tens digit of x/4*12 - 3?
3
Let o = 14 - 9. What is the tens digit of ((-1614)/(-10) - -3) + (-2)/o?
6
Suppose -4*v - 78 = -v + 2*r, v = -4*r - 26. Let d be (33/(-6))/((-4)/(-40)). Let w = v - d. What is the tens digit of w?
2
Let g(c) = -3*c**3 + 20*c**2 + c + 24. Let k(t) = t**3 - t**2 - t - 1. Let y(n) = g(n) + 4*k(n). What is the units digit of y(-16)?
8
Let f = -78 - -89. Let a(b) = 18*b - 21. What is the hundreds digit of a(f)?
1
Suppose 14679 = 5*z + i, -2106 = -4*z - 5*i + 9633. What is the thousands digit of z?
2
Suppose -3 + 27 = -2*n. Let d = -6 - n. What is the units digit of d - (1 + (-6)/(-2))?
2
Suppose -1725 = -13*l + 186. What is the tens digit of l?
4
What is the hundreds digit of -4*(63/(-6))/(-7) + 405?
3
Let r(p) = -24*p**3 + 3*p**2 - 7*p - 59. What is the thousands digit of r(-5)?
3
Suppose 5*p + 0*v + 2*v = 15, 20 = -5*p + 5*v. What is the tens digit of 56 - 6 - (4 + (-2)/p)?
4
Let u(m) = -44*m + 5. Let g be u(5). Let z = 364 + g. What is the tens digit of z?
4
Suppose 0 = -2*u + 8, -4 = 2*g - 0*g - 2*u. Let x be (1/g)/((-2)/(-28)). Let h = 41 - x. What is the tens digit of h?
3
Suppose -246*y + 243*y - 4*k + 4390 = 0, -5*k = 2*y - 2922. What is the tens digit of y?
6
Let n = -341 - -837. What is the hundreds digit of n?
4
Let s(i) = i**2 + 3*i - 2. Let b be s(-5). Suppose -2*y - 2*n + 24 = -b, 3*n - 78 = -5*y. What is the units digit of 52/10 + (-3)/y?
5
What is the tens digit of (-9 - -88) + 1/1?
8
Suppose 5708 = 3*t - 5*d, -5*t - 4*d + 3038 = -6463. What is the hundreds digit of t?
9
Let v(a) = a**3 - 20*a**2 + 19*a + 3. Let f be v(19). Suppose 0 = f*s - 188 - 307. What is the hundreds digit of s?
1
Let d(f) = f - 5. Let g be d(9). Let a be -24 - (-4 + g)*-1. What is the tens digit of (a/36)/(1/(-63))?
4
Let c = 17 + -14. Suppose -4*h = 16, c*a + 2*h + 0*h = -2. Suppose 4*t + 4*j - 50 = 3*j, -5*j = -a*t + 36. What is the units digit of t?
3
Let m(p) = 112*p**3 + p**2 - p - 1. Let n be m(-1). Let s be (-19 + n)*(-1)/2. Let z = 125 - s. What is the units digit of z?
0
Let j = 28 - 26. Suppose j = -2*d, 30 = 2*u - 4*d - 0*d. What is the tens digit of u?
1
Let q = 1348 - 954. Suppose 5*m + 10 = 0, 6*i + m - q = 3*i. What is the hundreds digit of i?
1
Suppose 2*b = 12 - 6. Suppose 0 = i - b*w - 58, 3*i - 79 = 2*i - 4*w. What is the tens digit of i?
6
Let k(q) be the second derivative of -2*q**3/3 + 22*q**2 + 16*q. What is the tens digit of k(-18)?
1
Suppose 9141 = 18*c + 1671. What is the units digit of c?
5
Let i(x) = x**2 + 6*x + 6. Let l be i(-8). Let y = 40 - l. What is the tens digit of y?
1
Let y be (-10)/(-5)*(-35)/(-10). Suppose -y*r = -308 - 609. What is the tens digit of r?
3
Let b(i) = -i**2 + 2. Let v be b(-3). Let s = -35 + 35. What is the tens digit of 15 - s - (-7 - v)?
1
Suppose 0 = -4*q - 5*q + 117. What is the units digit of q?
3
Suppose 47 = -5*i - a, -i - i - 5*a - 28 = 0. Let d = 7 + i. What is the tens digit of 2/4 + (-49)/d?
2
Let l = -4 - -4. Let d be (3 + l - 5) + 3. Let u = d - -9. What is the units digit of u?
0
Let f = -738 + 262. What is the tens digit of (-5)/15 + f/(-6)?
7
Let f = -1472 - -2146. What is the hundreds digit of f?
6
Let i(s) = -8*s - 22 + 6 + 8 + 2. What is the units digit of i(-6)?
2
Suppose -374 = 5*i - 89. Let a = -33 - i. Let b = 6 + a. What is the units digit of b?
0
Suppose -7771 = -16*a - 3*a. What is the units digit of a?
9
Suppose 19*f - 12149 = 13938. What is the tens digit of f?
7
Let y = 8 + -6. Suppose -4*g = -y - 6. Suppose g*r - 2*t = 34, -2*r - r - 4*t = -86. What is the units digit of r?
2
Suppose -2*d + 5*w + 6 = 0, -2*d = 2*d + 4*w - 12. Suppose 162 = 2*p - d*u, -5*p - 2*u = -88 - 336. What is the units digit of p?
4
Let y(i) = i + 4. Let g be y(4). Let u be 5/20 + 38/g. Suppose u*s - 141 = -11. What is the tens digit of s?
2
What is the tens digit of -349*(3/(-3 + 0))/1?
4
Suppose 320 = -c + 5*c. Suppose 0 = -2*r + 2*o + 52, 2*o = -3*r + 6*r - c. Suppose 23 + 13 = 2*n + q, 2*n - r = 3*q. What is the tens digit of n?
1
Let v = 53 - 3. Suppose 3*b + 2*k - v = 41, 2*k = 5*b - 125. What is the units digit of b?
7
Let u(w) = -7*w**3 - 5*w**2 - 16*w - 5. What is the hundreds digit of u(-4)?
4
Suppose -84 = 4*p + 148. Let t = 102 + p. What is the tens digit of t?
4
Let r = -548 - -694. What is the units digit of r?
6
Let t(w) = -w**3 + w**2 - w + 4. Let u be t(0). Suppose 4*d - 3*y - u = y, -2*y - 17 = 3*d. Let l = 8 + d. What is the units digit of l?
5
Let d = 26 - 24